697 + 29800. Calculate the remainder when i is divided by m.
13
Suppose -7*f + 12478 = -3*f - 3*s, -f - 4*s + 3129 = 0. What is the remainder when f is divided by 11?
8
Let g(s) = 2*s**2 - 3 - 2 - 4*s + 3*s + s**2. Suppose 4*p - 34 = -4*q + 2*q, -p + q = -1. What is the remainder when g(p) is divided by 20?
17
What is the remainder when 410/5945 - 93258/(-87) is divided by 535?
2
Suppose 0 = -5*a - 3*r + 4249, -79*a + 4*r = -83*a + 3396. What is the remainder when 2574 is divided by a?
21
Let a(v) = v**2 - 7*v - 25. Let l be a(-3). Suppose -189 = -4*z - l*o, 2*o + 7 = 17. What is the remainder when z is divided by 6?
5
Let z(f) be the second derivative of f**5/20 - 2*f**4/3 - 2*f**3/3 + 6*f**2 - 17*f. Let r = -91 - -100. Calculate the remainder when z(r) is divided by 10.
7
Let f = -493 + 704. Suppose 0 = 5*s - 15, -6*v - 4*s + 171 = -3*v. What is the remainder when f is divided by v?
52
Let t(v) = 1087*v**2 - 4. Let h be t(-2). Let k(o) = o**2 + 10*o + 3. Calculate the remainder when (-4)/7 - h/(-56) - 2 is divided by k(-12).
21
Calculate the remainder when (-9408)/147*272/(-10) + (-2)/(-10) is divided by 67.
66
Suppose 0 = -3*o - 2*o - 5*b + 815, -3*o + 461 = -4*b. Suppose 65*v = 68*v - o. What is the remainder when v is divided by 7?
4
Suppose -131*j + 714 + 1932 = 419. Let d = 1 + -1. Suppose 13*b - j*b + 100 = d. What is the remainder when 99 is divided by b?
24
Suppose 2*k + 2*z - 44 = 6*z, -3*z = k - 2. Let m(y) = 9 + 20*y + 4 + k - 22*y. What is the remainder when 25 is divided by m(6)?
10
Let h(i) = -i**3 - 3*i**2 + 5*i + 9. Let s = 86 + -78. Suppose 10*f - s*f - 4 = 0, -4*f + 80 = 4*k. Calculate the remainder when h(-6) is divided by k.
15
Calculate the remainder when (-1)/11 + 49977/891 is divided by (-50)/15*(-12 + 6).
16
Suppose 4 = -4*o, -7*o = -g - 3*o + 136. What is the remainder when 395 is divided by g?
131
Let x = -40 + 204. What is the remainder when 689 is divided by x?
33
Let h = -7502 - -9373. What is the remainder when h is divided by 20?
11
Suppose 3*d + 0*d = 7*c + 551, d - 5*c = 189. Calculate the remainder when d is divided by 171.
8
Let q(l) = -4*l**2 - 279*l - 126. Calculate the remainder when 971 is divided by q(-69).
80
Suppose 10*n = -5*n + 630. Suppose -20 = -n*s + 40*s. What is the remainder when 29 is divided by s?
9
Suppose 1571*t - 350 = 1564*t. What is the remainder when 436 is divided by t?
36
Let d = 48711 + -48689. Let w be 24*(-2 + 10/4). Suppose 3*r = -5*m + w + 17, 2*r - 3*m - 13 = 0. What is the remainder when d is divided by r?
6
Suppose -5*j + 42 = -133. Suppose -4*b = 18*b - 2926. Suppose 8*a = j + b. Calculate the remainder when 80 is divided by a.
17
Suppose -20*i + 1629 = -2*i + 1215. What is the remainder when 2187 is divided by i?
2
Suppose 3*d = -5*b + 303 + 38, 4*d - 412 = 4*b. What is the remainder when 2567 is divided by d?
106
Calculate the remainder when 89 is divided by (72/(-16) - 39/(-52))*-4.
14
Let w = -3793 + 4847. Calculate the remainder when w is divided by 7.
4
Let w = -284 - -565. Let s = w - 239. What is the remainder when s is divided by 24?
18
Let q(o) = -16*o - 4. What is the remainder when q(-4) is divided by (1476/(-41))/(-396) - (-450)/11?
19
Suppose 72 = 4*p - 5*q, 7*p + 2*q = 3*p + 44. Calculate the remainder when (-2 + 0)/((-4)/34) is divided by p.
4
Let l = 498 - 490. Let m(q) = -q**3 + 8*q**2 + q + 20. Calculate the remainder when 80 is divided by m(l).
24
Calculate the remainder when 2487 is divided by (-39)/((88/(-32) + 3)*(-1 - 3)).
30
Let f be 13505/(-146)*(-12)/10. Suppose 10*g = -11 + f. What is the remainder when 51 is divided by g?
1
Suppose 4*a = 20, 5*n + 3*a - 2*a - 35 = 0. Suppose 16 + 35 = 3*w. What is the remainder when (1 - -5)*49/n is divided by w?
15
Let n(r) = -r + 9. Let a be n(8). Suppose -a = -o + 6. Let p = 656 - 633. Calculate the remainder when p is divided by o.
2
Let r(p) = -p**3 - 8*p**2 - 16*p + 5. Let g = -51 + 47. What is the remainder when (18/10)/((-7)/(-35)) is divided by r(g)?
4
Suppose -50*y = -7053 + 1603. What is the remainder when y is divided by 11?
10
Calculate the remainder when -2 + 9 + 632 - -14 is divided by 8.
5
What is the remainder when 25/15*(-6)/2 + 79 is divided by 20?
14
Suppose -3*b + 0*b + 24 = 0. Let n(l) = -l**2 + 34. Let f be n(b). Calculate the remainder when 15/f - 75/(-2) is divided by 10.
7
Let p(z) = -z**3 + 158*z**2 - 305*z - 1088. Suppose 6*g = -5*m + 5*g + 182, 5*m = g + 178. Calculate the remainder when m is divided by p(156).
0
Let x(d) = 3*d**2 + 39*d + 201. Calculate the remainder when 389 is divided by x(-5).
65
Suppose 6*j = 434*j - 128828. Calculate the remainder when j is divided by 28.
21
Let q(l) = 153*l**2 - 43*l - 87. What is the remainder when q(-10) is divided by 15?
13
Suppose -81 = 3*b + 36. Let c be 30/(-12) + (-374)/(-4). Let w = c + b. What is the remainder when w is divided by 14?
10
What is the remainder when 5977 is divided by -4*((-8)/(-14) + (-351)/63)?
17
Suppose 21*k - 63*k = 43*k - 70720. What is the remainder when k is divided by 38?
34
Let f(m) = 81*m**2 - 228*m + 6. What is the remainder when 1102 is divided by f(3)?
31
Let k = 531 + -459. Suppose -k = -3*u - u - 3*l, -5*u + 109 = -l. Calculate the remainder when 40 is divided by u.
19
Let p(z) be the first derivative of -z**2/2 + 6*z + 38. Calculate the remainder when 95 is divided by p(-10).
15
Let f = -204 + 201. What is the remainder when 29 is divided by 14/28*(f - -13)?
4
Suppose -258 = -6*w - 114. What is the remainder when 116 is divided by w?
20
Suppose q = 5*o + 31, -q - q - 4*o = -48. Suppose k - 13*g = -16*g + 20, 4*k = 4*g + 16. Let s = k - -93. Calculate the remainder when s is divided by q.
23
Let j(i) be the third derivative of -19*i**5/15 + i**4/8 - 40*i**2. Let u be j(-1). Let y = -46 - u. Calculate the remainder when 96 is divided by y.
30
Suppose 9*p - 266 = -104. What is the remainder when 381 is divided by -15 + p + 1/((-1)/(-29))?
29
Suppose -3*b - 4*r + 162 = 0, -2 = 4*r - 14. Suppose 0 = -c - 4*y + 67, c - 7 - 85 = y. Let p = c - b. What is the remainder when p is divided by 10?
7
Let g = -5370 - -6400. What is the remainder when g is divided by 101?
20
Let f(k) = 168*k**3 - 8*k**2 + 4*k + 24. Calculate the remainder when f(3) is divided by 57.
54
Suppose -3 = 40*w - 43. What is the remainder when 50 is divided by (1 - (w + 54))/(67 + -69)?
23
Let l(r) = -2*r + 29. Let f be l(7). Let g = f - 19. Let y(i) = -i**3 - i**2 + 5*i + 2. Calculate the remainder when 119 is divided by y(g).
29
Suppose m + 5*y - 461 = 8*y, -y = 5*m - 2241. Suppose 15*g - 421 = m. Calculate the remainder when 102 is divided by g.
44
Let c(g) = -g**2 + 5*g + 27. Let x be c(-3). Suppose x*s - 102 = -5*i, -18*s + 13*s - 5 = 0. Calculate the remainder when 439 is divided by i.
19
Suppose g + 4 = 0, 25*g - 27*g - 16 = -4*w. Calculate the remainder when 9*w*(-570)/(-36) is divided by 23.
9
Let k = 18823 - 18568. What is the remainder when k is divided by 150?
105
Let w = -73 - -85. Let d(t) be the first derivative of t**4/4 - 2*t**3 + 5*t**2/2 + t + 8. Calculate the remainder when d(6) is divided by w.
7
Let q = -26 - -22. Calculate the remainder when 1/q + 666/72 is divided by 1.
0
Suppose -c = -2*x + 3*x - 34, 5*x - 143 = 4*c. Suppose x + 8 = 3*y. Suppose 0 = -0*k - k + 25. What is the remainder when k is divided by y?
12
Let h be -3*-2*8/3. Suppose 33 + h = t. Let q(d) = 2*d**2 + 147*d + 1452. Calculate the remainder when t is divided by q(-62).
23
Let d = -69 + 116. Calculate the remainder when d is divided by (-869)/(-237) + 4*(-1)/(-3).
2
Let c = 41 - 37. Let r = -16 + c. Calculate the remainder when (2/(-4))/(r/2280) is divided by 12.
11
Let u(d) = 6*d - 11. Let j be u(12). Let m = -6 + j. Calculate the remainder when 107 is divided by m.
52
Let j(k) = 4*k - 2. Let b be j(1). Let g(c) = -2*c + 4. Let m be g(b). Suppose m = s + 5 - 8. Calculate the remainder when 16 is divided by s.
1
Suppose 8845 - 2398 = 21*d. Let g = 91 - 29. What is the remainder when d is divided by g?
59
Suppose 0*m = -m + 33. Let b = -829 - -478. Let l = b - -358. What is the remainder when m is divided by l?
5
Let s(r) = 7*r**2 + 3*r + 2. Let q be (-4 - -2 - 2)*(-1)/2. Suppose 4*c - 152 = d, 0 = q*c - 4*d - d - 76. Calculate the remainder when 